 399?
2
What is the remainder when 1349 is divided by 68?
57
What is the remainder when 36 is divided by 5?
1
Calculate the remainder when 55 is divided by 14.
13
Calculate the remainder when 644 is divided by 170.
134
Calculate the remainder when 89 is divided by 15.
14
What is the remainder when 816 is divided by 93?
72
What is the remainder when 1341 is divided by 32?
29
Calculate the remainder when 858 is divided by 262.
72
Calculate the remainder when 201 is divided by 4.
1
What is the remainder when 87 is divided by 46?
41
Calculate the remainder when 8853 is divided by 164.
161
What is the remainder when 417 is divided by 21?
18
What is the remainder when 657 is divided by 219?
0
What is the remainder when 249 is divided by 18?
15
What is the remainder when 61 is divided by 44?
17
Calculate the remainder when 340 is divided by 45.
25
Calculate the remainder when 99 is divided by 55.
44
What is the remainder when 1566 is divided by 131?
125
What is the remainder when 645 is divided by 161?
1
Calculate the remainder when 255 is divided by 52.
47
What is the remainder when 356 is divided by 58?
8
What is the remainder when 139 is divided by 41?
16
Calculate the remainder when 110 is divided by 73.
37
What is the remainder when 17 is divided by 11?
6
What is the remainder when 90 is divided by 43?
4
Calculate the remainder when 156 is divided by 57.
42
Calculate the remainder when 923 is divided by 11.
10
What is the remainder when 1497 is divided by 328?
185
Calculate the remainder when 287 is divided by 27.
17
What is the remainder when 183 is divided by 41?
19
What is the remainder when 694 is divided by 137?
9
Calculate the remainder when 337 is divided by 34.
31
What is the remainder when 1101 is divided by 141?
114
What is the remainder when 86 is divided by 26?
8
Calculate the remainder when 73 is divided by 30.
13
Calculate the remainder when 7515 is divided by 21.
18
Calculate the remainder when 1354 is divided by 128.
74
Calculate the remainder when 9575 is divided by 168.
167
What is the remainder when 38 is divided by 23?
15
Calculate the remainder when 2071 is divided by 34.
31
What is the remainder when 48 is divided by 22?
4
What is the remainder when 51 is divided by 26?
25
Calculate the remainder when 152 is divided by 13.
9
Calculate the remainder when 375 is divided by 38.
33
Calculate the remainder when 1303 is divided by 77.
71
Calculate the remainder when 585 is divided by 119.
109
What is the remainder when 2092 is divided by 580?
352
Calculate the remainder when 51 is divided by 35.
16
What is the remainder when 237 is divided by 30?
27
What is the remainder when 287 is divided by 16?
15
Calculate the remainder when 198 is divided by 64.
6
Calculate the remainder when 142 is divided by 25.
17
Calculate the remainder when 6861 is divided by 73.
72
Calculate the remainder when 281 is divided by 76.
53
Calculate the remainder when 20686 is divided by 6.
4
Calculate the remainder when 294 is divided by 91.
21
Calculate the remainder when 7870 is divided by 32.
30
What is the remainder when 320 is divided by 151?
18
What is the remainder when 2379 is divided by 35?
34
Calculate the remainder when 1114 is divided by 62.
60
What is the remainder when 3241 is divided by 88?
73
What is the remainder when 46 is divided by 8?
6
What is the remainder when 305 is divided by 150?
5
Calculate the remainder when 218 is divided by 208.
10
Calculate the remainder when 2339 is divided by 10.
9
What is the remainder when 80 is divided by 6?
2
Calculate the remainder when 77 is divided by 31.
15
Calculate the remainder when 20 is divided by 13.
7
What is the remainder when 1107 is divided by 70?
57
What is the remainder when 28948 is divided by 221?
218
Calculate the remainder when 308 is divided by 55.
33
What is the remainder when 116 is divided by 48?
20
Calculate the remainder when 506 is divided by 51.
47
Calculate the remainder when 564 is divided by 283.
281
Calculate the remainder when 12907 is divided by 24.
19
Calculate the remainder when 5108 is divided by 131.
130
Calculate the remainder when 438 is divided by 57.
39
Calculate the remainder when 560 is divided by 188.
184
Calculate the remainder when 6788 is divided by 20.
8
What is the remainder when 353 is divided by 60?
53
Calculate the remainder when 187 is divided by 169.
18
What is the remainder when 590 is divided by 8?
6
Calculate the remainder when 523 is divided by 15.
13
What is the remainder when 359 is divided by 10?
9
What is the remainder when 41 is divided by 33?
8
What is the remainder when 2549 is divided by 1266?
17
Calculate the remainder when 278 is divided by 70.
68
What is the remainder when 657 is divided by 11?
8
Calculate the remainder when 161 is divided by 42.
35
Calculate the remainder when 14737 is divided by 220.
217
Calculate the remainder when 88 is divided by 48.
40
Calculate the remainder when 37 is divided by 10.
7
Calculate the remainder when 7485 is divided by 326.
313
What is the remainder when 602 is divided by 41?
28
Calculate the remainder when 275 is divided by 160.
115
What is the remainder when 254 is divided by 234?
20
What is the remainder when 308 is divided by 8?
4
What is the remainder when 1994 is divided by 157?
110
Calculate the remainder when 424 is divided by 71.
69
Calculate the remainder when 237 is divided by 41.
32
Calculate the remainder when 178 is divided by 18.
16
Calculate the remainder when 1863 is divided by 274.
219
Calculate the remainder when 174 is divided by 100.
74
Calculate the remainder when 1251 is divided by 64.
35
Calculate the remainder when 174 is divided by 71.
32
Calculate the remainder when 567 is divided by 12.
3
Calculate the remainder when 3 is divided by 1.
0
Calculate the remainder when 103 is divided by 35.
33
Calculate the remainder when 8362 is divided by 94.
90
What is the remainder when 448 is divided by 25?
23
What is the remainder when 7023 is divided by 24?
15
Calculate the remainder when 87 is divided by 34.
19
Calculate the remainder when 738 is divided by 14.
10
Calculate the remainder when 327 is divided by 289.
38
What is the remainder when 222 is divided by 56?
54
Calculate the remainder when 90 is divided by 40.
10
Calculate the remainder when 155 is divided by 69.
17
Calculate the remainder when 160 is divided by 42.
34
Calculate the remainder when 22772 is divided by 386.
384
What is the remainder when 1836 is divided by 15?
6
What is the remainder when 616 is divided by 39?
31
What is the remainder when 5599 is divided by 16?
15
Calculate the remainder when 897 is divided by 60.
57
What is the remainder when 322 is divided by 48?
34
What is the remainder when 161 is divided by 43?
32
What is the remainder when 5848 is divided by 130?
128
Calculate the remainder when 2017 is divided by 2012.
5
Calculate the remainder when 286 is divided by 6.
4
What is the remainder when 65 is divided by 31?
3
What is the remainder when 4357 is divided by 109?
106
What is the remainder when 31 is divided by 12?
7
Calculate the remainder when 753 is divided by 42.
39
What is the remainder when 433 is divided by 140?
13
What is the remainder when 39 is divided by 31?
8
What is the remainder when 523 is divided by 21?
19
Calculate the remainder when 6378 is divided by 336.
330
Calculate the remainder when 112 is divided by 58.
54
Calculate the remainder when 2895 is divided by 406.
53
Calculate the remainder when 55740 is divided by 104.
100
Calculate the remainder when 4440 is divided by 99.
84
Calculate the remainder when 341 is divided by 205.
136
Calculate the remainder when 921 is divided by 186.
177
What is the remainder when 622 is divided by 78?
76
What is the remainder when 1390 is divided by 13?
12
What is the remainder when 756 is divided by 33?
30
What is the remainder when 102 is divided by 39?
24
What is the remainder when 689 is divided by 106?
53
Calculate the remainder when 947 is divided by 13.
11
Calculate the remainder when 377 is divided by 368.
9
What is the remainder when 275 is divided by 52?
15
What is the remainder when 367 is divided by 8?
7
Calculate the remainder when 10617 is divided by 287.
285
Calculate the remainder when 77 is divided by 23.
8
What is the 